What is the greatest common factor of 699 and 483342423?
699
Calculate the highest common divisor of 19 and 8106654.
19
Calculate the highest common divisor of 7004 and 335308.
68
Calculate the greatest common factor of 649 and 3807683.
649
Calculate the highest common factor of 3429 and 6464427.
381
What is the greatest common divisor of 12062226 and 627?
627
What is the highest common factor of 161089 and 205?
41
What is the highest common factor of 23530455 and 8091?
261
Calculate the highest common factor of 12880 and 28133.
7
Calculate the greatest common divisor of 1904 and 88983168.
272
What is the greatest common factor of 1233639 and 284427?
1683
Calculate the greatest common divisor of 18288 and 3741840.
144
What is the highest common divisor of 4374 and 482166?
54
What is the highest common divisor of 1224 and 619549224?
408
Calculate the greatest common divisor of 1288575 and 24817.
1909
What is the highest common divisor of 2038848 and 46494?
1722
What is the greatest common factor of 10162548 and 495?
99
Calculate the highest common factor of 868925 and 3200.
25
What is the greatest common factor of 142080 and 3615?
15
What is the greatest common divisor of 6 and 67061769?
3
Calculate the highest common divisor of 14079123 and 63.
9
What is the greatest common factor of 35987 and 478961?
371
What is the greatest common factor of 70429722 and 1528?
382
What is the greatest common factor of 10592379 and 1813?
49
Calculate the greatest common divisor of 54630 and 15390.
90
Calculate the greatest common divisor of 44942433 and 7692.
1923
What is the greatest common factor of 44421661 and 283?
283
What is the greatest common factor of 1214650 and 175?
25
What is the greatest common factor of 78987 and 392675?
113
What is the highest common factor of 20021859 and 572?
143
Calculate the highest common divisor of 18228034 and 374.
22
Calculate the highest common factor of 158 and 7426.
158
Calculate the highest common factor of 1740 and 1293690.
870
What is the greatest common divisor of 330 and 32105865?
165
Calculate the highest common factor of 99843 and 7521.
69
What is the highest common divisor of 708 and 3973414?
118
What is the highest common factor of 19637052 and 12?
12
What is the highest common divisor of 58720 and 3042430?
3670
Calculate the highest common divisor of 5706 and 14856.
6
Calculate the greatest common divisor of 17299005 and 15.
15
Calculate the highest common divisor of 6245 and 12188991.
1249
Calculate the greatest common divisor of 160774377 and 6.
3
What is the greatest common factor of 1393266 and 25725?
1029
What is the greatest common divisor of 273239 and 5795?
19
What is the highest common divisor of 2704 and 12916176?
208
What is the greatest common factor of 6397162 and 4?
2
Calculate the highest common divisor of 26992 and 208852.
28
Calculate the highest common factor of 206068930 and 1688.
422
What is the greatest common factor of 44606688 and 96?
96
Calculate the greatest common factor of 13860 and 23635920.
4620
What is the highest common divisor of 7 and 102131232?
7
Calculate the greatest common divisor of 2687377 and 748.
187
What is the greatest common factor of 820876 and 456?
76
Calculate the greatest common factor of 4587 and 196218.
33
What is the greatest common divisor of 42080 and 13948205?
1315
What is the greatest common factor of 46464 and 1192?
8
What is the highest common factor of 865 and 18771365?
865
Calculate the greatest common divisor of 885 and 51175335.
15
Calculate the greatest common divisor of 909 and 19494717.
303
Calculate the greatest common factor of 321 and 1821042309.
321
Calculate the highest common factor of 2964 and 1972568676.
2964
What is the highest common factor of 51036808 and 64?
8
What is the highest common factor of 21296 and 156328?
8
What is the highest common factor of 133535424 and 414?
138
What is the highest common factor of 323329 and 951833?
313
What is the highest common factor of 1683220 and 920920?
1540
Calculate the highest common factor of 1061839031 and 841.
841
What is the highest common divisor of 41288049 and 37631?
3421
What is the greatest common divisor of 5733 and 6294197?
637
Calculate the greatest common factor of 65376500 and 350.
350
Calculate the greatest common factor of 588373 and 843448.
3401
What is the highest common factor of 74 and 68195847?
37
What is the highest common divisor of 11899 and 26510809?
163
What is the highest common factor of 1198398 and 1904?
34
What is the highest common factor of 83 and 407730196?
83
Calculate the greatest common divisor of 3056 and 665744.
16
Calculate the highest common factor of 6060 and 26731872.
1212
Calculate the greatest common factor of 14226 and 4894.
2
Calculate the greatest common divisor of 51736540 and 1220.
1220
What is the highest common divisor of 18797039 and 3290?
47
Calculate the highest common factor of 19 and 519346019.
19
Calculate the greatest common divisor of 135683904 and 1784.
1784
What is the highest common factor of 218964 and 232?
4
Calculate the highest common factor of 19949650 and 98.
14
Calculate the highest common divisor of 118 and 93770647.
59
What is the highest common divisor of 186 and 3006907?
31
What is the highest common divisor of 7000587 and 594?
297
Calculate the highest common factor of 1938 and 32876538.
102
What is the greatest common divisor of 462 and 236476702?
154
Calculate the highest common factor of 250 and 3436528875.
125
What is the highest common factor of 58160859 and 1403?
23
What is the greatest common divisor of 39277 and 68138?
217
What is the greatest common factor of 10255 and 764785?
35
What is the greatest common divisor of 81 and 107258985?
81
What is the greatest common factor of 33413445 and 78210?
3555
Calculate the highest common divisor of 6546781 and 442889.
2099
What is the greatest common divisor of 65 and 8942609?
13
What is the greatest common factor of 729 and 18663552?
9
Calculate the greatest common divisor of 23156940 and 4815.
1605
Calculate the greatest common factor of 17412725 and 3795.
1265
Calculate the greatest common factor of 831 and 1144029.
3
What is the highest common factor of 32801319 and 29583?
1557
Calculate the greatest common divisor of 9 and 6974672.
1
What is the greatest common factor of 4316 and 3924572?
332
Calculate the highest common divisor of 111745643 and 1042.
521
Calculate the greatest common factor of 1461 and 40616287.
487
What is the highest common factor of 6956 and 339372806?
3478
What is the highest common divisor of 994 and 18219736?
142
What is the highest common divisor of 23661 and 2870109?
99
What is the greatest common divisor of 98864 and 1830988?
668
What is the greatest common factor of 8399 and 1783141?
37
What is the highest common factor of 662 and 8303797?
331
Calculate the highest common factor of 25 and 1466303.
1
Calculate the highest common factor of 13334748 and 168.
84
What is the highest common divisor of 142008 and 3072?
24
What is the highest common factor of 19783164 and 44?
4
Calculate the greatest common divisor of 10044 and 6407452.
124
Calculate the highest common divisor of 490901 and 12981243.
3251
What is the greatest common factor of 77705790 and 1740?
870
What is the greatest common divisor of 340501 and 43169?
49
Calculate the highest common factor of 9761518 and 130.
26
Calculate the highest common divisor of 1440478 and 952.
34
What is the highest common divisor of 91133 and 11233?
47
Calculate the highest common factor of 446080 and 35200.
640
Calculate the greatest common divisor of 11244611 and 1336.
167
What is the highest common divisor of 183 and 1281894?
3
Calculate the greatest common factor of 7 and 6663104.
7
Calculate the greatest common factor of 57195740 and 160.
20
Calculate the greatest common divisor of 323321796 and 1764.
1764
Calculate the greatest common factor of 35113 and 161760189.
2701
What is the highest common divisor of 139182 and 165?
3
What is the highest common factor of 2865 and 48066105?
2865
What is the highest common factor of 2049866 and 6370?
1274
What is the highest common divisor of 1186 and 11774015?
593
Calculate the greatest common factor of 949 and 6936898.
73
What is the highest common di